ime?
True
Is 7771363 composite?
True
Is 7466917 a prime number?
True
Is 2344253 a prime number?
True
Is 9609409 a prime number?
True
Is 1316077 a composite number?
True
Is 21156053 a prime number?
True
Is 1783829 a composite number?
False
Is 73277387 a composite number?
False
Is 441326629 a composite number?
False
Is 1619053 a prime number?
True
Is 1082797 composite?
True
Is 1012955393 a composite number?
False
Is 22165009 composite?
False
Is 29021313 a composite number?
True
Is 4280357 a composite number?
True
Is 4953259 a composite number?
False
Is 365807971 a prime number?
False
Is 6169061095 prime?
False
Is 1068191 composite?
False
Is 8001001 composite?
True
Is 47493623 a prime number?
True
Is 11444263 a composite number?
False
Is 12448567 a composite number?
True
Is 1864979 a composite number?
False
Is 437826737 composite?
False
Is 60206563 prime?
True
Is 226769 prime?
True
Is 31987331 composite?
True
Is 86985271 a prime number?
True
Is 1073228131 composite?
False
Is 1490507 prime?
True
Is 1805159 prime?
False
Is 20427767 a composite number?
True
Is 2615441 a prime number?
True
Is 1120909 a composite number?
True
Is 46677659 a prime number?
False
Is 6489727 a composite number?
True
Is 312397957 prime?
True
Is 12701683 composite?
False
Is 641 prime?
True
Is 86450201 prime?
False
Is 1303366 a composite number?
True
Is 57023 a prime number?
False
Is 804056681 composite?
False
Is 77723507 a composite number?
True
Is 3195739 composite?
False
Is 6734389 a prime number?
False
Is 129907 prime?
False
Is 13055659 a composite number?
False
Is 4827101 a composite number?
True
Is 128069 a composite number?
True
Is 4947317 a composite number?
True
Is 132485317 a composite number?
False
Is 260339 a composite number?
False
Is 10236319 prime?
True
Is 5346127 prime?
True
Is 2651947 prime?
True
Is 20257127 prime?
False
Is 276291163 a prime number?
True
Is 3323654 composite?
True
Is 62271913 prime?
False
Is 84814781 composite?
True
Is 290328401 a prime number?
False
Is 22901623 composite?
False
Is 8668397 composite?
True
Is 1359841 a prime number?
False
Is 12321763 a composite number?
False
Is 17088691 a prime number?
False
Is 379111841 prime?
False
Is 37811533 prime?
False
Is 25251913 prime?
False
Is 186469399 prime?
True
Is 295252898 prime?
False
Is 31785521 prime?
True
Is 1956413 a prime number?
False
Is 987585263 composite?
True
Is 5568439 prime?
True
Is 16967459 a composite number?
False
Is 205405657 prime?
False
Is 8294303 composite?
False
Is 3835861 a composite number?
False
Is 22779151 composite?
False
Is 6594527 composite?
True
Is 84810731 a composite number?
False
Is 38293307 a composite number?
True
Is 3530719 a composite number?
True
Is 1910182 a composite number?
True
Is 18714205 prime?
False
Is 136247719 a composite number?
False
Is 26275199 a prime number?
True
Is 10183973 a composite number?
False
Is 3457619 a composite number?
True
Is 131013809 a prime number?
True
Is 2356507 a composite number?
True
Is 132450631 composite?
True
Is 123575123 a composite number?
True
Is 295507739 composite?
True
Is 4148567 composite?
False
Is 9431969 prime?
False
Is 94657637 prime?
True
Is 31384651 a prime number?
False
Is 6375003 a prime number?
False
Is 13902103 prime?
True
Is 259835155 composite?
True
Is 59903659 composite?
False
Is 10076029 prime?
True
Is 14355119 composite?
True
Is 5754563 prime?
False
Is 42841387 a prime number?
False
Is 9618589 prime?
True
Is 5511319 a prime number?
False
Is 193518443 composite?
False
Is 11023741 a prime number?
False
Is 17822407 prime?
False
Is 4351697 prime?
False
Is 248321 prime?
False
Is 798853 composite?
True
Is 1015613 a prime number?
False
Is 3006622 a prime number?
False
Is 3065333 prime?
True
Is 41887493 prime?
True
Is 1208447 a composite number?
False
Is 18681197 a prime number?
True
Is 4443181 composite?
False
Is 85244839 a prime number?
True
Is 15535109 a prime number?
True
Is 112462981 composite?
True
Is 2707171 a prime number?
False
Is 794327 a prime number?
True
Is 261101 a composite number?
False
Is 8792359 a composite number?
True
Is 5161301 a prime number?
False
Is 47161 composite?
False
Is 9086377 composite?
True
Is 3293349 prime?
False
Is 1310833 composite?
True
Is 515054885 prime?
False
Is 14313769 composite?
False
Is 129439 a composite number?
False
Is 4081907 a prime number?
False
Is 2784097 a prime number?
True
Is 402332617 prime?
True
Is 109114241 prime?
True
Is 26716497 a prime number?
False
Is 2304061 a prime number?
False
Is 866161 prime?
True
Is 35856089 a prime number?
True
Is 892049 prime?
True
Is 17188007 prime?
True
Is 200724553 prime?
True
Is 275582347 a composite number?
False
Is 4924643 composite?
False
Is 6801577 prime?
True
Is 1145173 a prime number?
True
Is 83192161 a prime number?
False
Is 5601593 prime?
True
Is 5802145 a composite number?
True
Is 35047237 prime?
True
Is 287200381 composite?
True
Is 30847379 prime?
False
Is 6849389 a prime number?
True
Is 17454443 a prime number?
True
Is 25863793 a composite number?
True
Is 3549731 prime?
True
Is 45299069 a prime number?
True
Is 1160437 a prime number?
False
Is 94450991 a prime number?
False
Is 4313515 a prime number?
False
Is 2265311 a composite number?
True
Is 500779 a composite number?
True
Is 148373287 a prime number?
True
Is 23340649 prime?
True
Is 234246577 a prime number?
True
Is 327075549 prime?
False
Is 300997 a prime number?
True
Is 4943613 composite?
True
Is 6756671 a composite number?
False
Is 3394733 composite?
False
Is 2957231 a prime number?
True
Is 95671 composite?
True
Is 13833179 composite?
False
Is 18651019 a prime number?
True
Is 12463877 composite?
True
Is 4538479 a composite number?
True
Is 1211017 a composite number?
True
Is 29651353 a prime number?
True
Is 69457163 a composite number?
False
Is 25077821 a prime number?
True
Is 2397307 composite?
True
Is 14672939 composite?
False
Is 123094003 a prime number?
False
Is 52032685 a prime number?
False
Is 17703109 a composite number?
False
Is 1722833 prime?
False
Is 151674547 prime?
False
Is 23449427 a composite number?
False
Is 44606999 a composite number?
True
Is 56470691 composite?
False
Is 16883653 prime?
True
Is 393725881 prime?
True
Is 3428249 composite?
True
Is 120937711 a composite number?
True
Is 2933381 composite?
True
Is 7691639 a composite number?
False
Is 13347179 a composite number?
True
Is 4313683 a prime number?
False
Is 372936971 composite?
True
Is 4977953 a composite number?
False
Is 32758741 a prime number?
True
Is 1543565093 composite?
True
Is 1194415 composite?
True
Is 80936017 a composite number?
True
Is 15169417 prime?
True
Is 53939131 prime?
True
Is 88509047 prime?
False
Is 69878429 a composite number?
True
Is 2659439 a prime number?
True
Is 18658459 a composite number?
True
Is 12538883 a composite number?
True
Is 40245913 a prime number?
False
Is 7562291 composite?
True
Is 1319411 a prime number?
True
Is 195141973 a composite number?
True
Is 9753637 a prime number?
True
Is 5326073 composite?
False
Is 816379 composite?
True
Is 11474977 a composite number?
True
Is 91428947 a prime number?
True
Is 33868759 prime?
True
Is 345957 a composite number?
True
Is 98694829 prime?
False
Is 433423609 a prime number?
True
Is 2168251 prime?
False
Is 2309707 composite?
False
Is 111655363 prime?
False
Is 712391 a composite number?
True
Is 5870567 composite?
True
Is 7273801 a composite number?
False
Is 47113 prime?
False
Is 1344487 composite?
False
Is 333956999 prime?
False
Is 109802549 prime?
False
Is 612555289 prime?
True
Is 4765701 a composite number?
True
Is 57338795 a composite number?
True
Is 309499 a composite number?
True
Is 1293659 a prime number?
True
Is 2733065 a composite number?
True
Is 179055379 a composite number?
False
Is 36458585 a prime number?
False
Is 306143 prime?
False
Is 25864537 composite?
False
Is 4681657 prime?
False
Is 4131739 composite?
True
Is 39129203 a prime number?
True
Is 6767797 prime?
True
Is 62136339 a composite number?
True
Is 313684771 a composite number?
False
Is 68443 prime?
True
Is 102387943 a composite number?
True
Is 13101389 a prime number?
False
Is 11625709 a prime number?
False
Is 568656755 a prime number?
False
Is 576061 a composite number?
True
Is 122449843 prime?
True
Is 21053861 a composite number?
Fals